{"id":3,"date":"2005-11-07T11:24:32","date_gmt":"2005-11-07T16:24:32","guid":{"rendered":"http:\/\/www.lastdragon.net\/?page_id=3"},"modified":"2012-07-08T20:18:39","modified_gmt":"2012-07-09T02:18:39","slug":"autor","status":"publish","type":"page","link":"https:\/\/www.lastdragon.net\/?page_id=3","title":{"rendered":"Autor"},"content":{"rendered":"<p>Nombre: David Rivero<\/p>\n<p><img loading=\"lazy\" decoding=\"async\" src=\"https:\/\/www.lastdragon.net\/misarchivos\/davidrivero.jpg\" alt=\"David Rivero\" border=\"0\" height=\"165\" width=\"200\" \/><\/p>\n<p>Soy ciudadano de los Estados Unidos Mexicanos, Vivo en la provincia del sureste del pa\u00eds en Campeche el 4 estado de la federaci\u00f3n, en la isla de Tris en la Ciudad del Carmen<\/p>\n<p>Acerca de mi:<\/p>\n<p>Me desempe\u00f1o como gerente de T.I. en las compa\u00f1\u00edas donde he trabajado, tambi\u00e9n soy consultor en seguridad  y redes.<\/p>\n<p>He dado consultor\u00eda en muchas empresas en M\u00e9xico  y tambi\u00e9n en los estados unidos.<\/p>\n<p>Por el momento esto solo es un bosquejo.<\/p>\n","protected":false},"excerpt":{"rendered":"<p>Nombre: David Rivero Soy ciudadano de los Estados Unidos Mexicanos, Vivo en la provincia del sureste del pa\u00eds en Campeche el 4 estado de la federaci\u00f3n, en la isla de Tris en la Ciudad del Carmen Acerca de mi: Me desempe\u00f1o como gerente de T.I. en las compa\u00f1\u00edas donde he trabajado, tambi\u00e9n soy consultor en&#8230;<\/p>\n","protected":false},"author":1,"featured_media":0,"parent":483,"menu_order":0,"comment_status":"closed","ping_status":"closed","template":"","meta":{"footnotes":""},"class_list":["post-3","page","type-page","status-publish","hentry"],"_links":{"self":[{"href":"https:\/\/www.lastdragon.net\/index.php?rest_route=\/wp\/v2\/pages\/3","targetHints":{"allow":["GET"]}}],"collection":[{"href":"https:\/\/www.lastdragon.net\/index.php?rest_route=\/wp\/v2\/pages"}],"about":[{"href":"https:\/\/www.lastdragon.net\/index.php?rest_route=\/wp\/v2\/types\/page"}],"author":[{"embeddable":true,"href":"https:\/\/www.lastdragon.net\/index.php?rest_route=\/wp\/v2\/users\/1"}],"replies":[{"embeddable":true,"href":"https:\/\/www.lastdragon.net\/index.php?rest_route=%2Fwp%2Fv2%2Fcomments&post=3"}],"version-history":[{"count":0,"href":"https:\/\/www.lastdragon.net\/index.php?rest_route=\/wp\/v2\/pages\/3\/revisions"}],"up":[{"embeddable":true,"href":"https:\/\/www.lastdragon.net\/index.php?rest_route=\/wp\/v2\/pages\/483"}],"wp:attachment":[{"href":"https:\/\/www.lastdragon.net\/index.php?rest_route=%2Fwp%2Fv2%2Fmedia&parent=3"}],"curies":[{"name":"wp","href":"https:\/\/api.w.org\/{rel}","templated":true}]}}