{"id":484,"date":"2010-10-07T12:51:29","date_gmt":"2010-10-07T18:51:29","guid":{"rendered":"http:\/\/www.lastdragon.net\/?page_id=484"},"modified":"2010-10-07T15:22:14","modified_gmt":"2010-10-07T21:22:14","slug":"criterio-para-comentarios","status":"publish","type":"page","link":"https:\/\/www.lastdragon.net\/?page_id=484","title":{"rendered":"Criterio para comentarios"},"content":{"rendered":"<p>A diario recibo como 30 comentarios, de esos 30 a veces ni 10 ven la luz del \u201cd\u00eda digital\u201d  la mayor\u00eda de las veces por que ponen comentarios con temas fuera del contexto del articulo, me gusta que la informaci\u00f3n de blog este organizada, no hace falta traer comentarios de art\u00edculos pasados a los art\u00edculos nuevos, muchos art\u00edculos pasados aun tienen vida y contesto a la mayor\u00eda de esos comentarios aunque tengan m\u00e1s de 2 a\u00f1os<\/p>\n<p><a href=\"https:\/\/www.lastdragon.net\/?feed=comments-rss2\">https:\/\/www.lastdragon.net\/?feed=comments-rss2<\/a><\/p>\n<p>No hace falta traer temas viejos, en los RSS de los comentarios, puedes ver que sigo manteniendo y contestando art\u00edculos de hace muchos a\u00f1os, la cueva es un lugar bien posicionado en google, la cueva ha estado en l\u00ednea desde \u201cCreation Date: 23-jan-2001\u201d aunque solo tomo forma de blog hasta que instale el motor de wordpress, por lo que recibe consultas de todo tipo y de cientos de formas se llega a ella en google<\/p>\n<p>Para resumir esto y ahorrarme interminables explicaciones de c\u00f3mo funciona la cueva del dragon, mejor escribir\u00e9 como apruebo los comentarios.<\/p>\n<p>1 La cueva es un lugar de libre expresi\u00f3n, no de libertinaje<br \/>\n2 La m\u00e1xima autoridad de la cueva del dragon es Last Dragon, no es una democracia, soy mas un dictador ben\u00e9volo por que escucho consejos de quien quiera darlos, muy pocos la mayor\u00eda solo son troll.<br \/>\n3 Si puedes adjudicarte un comentario o puedo identificar positivamente la fuente del comentario tiene mucha probabilidades de ser aprobado, por ejemplo que te tenga en el Messenger o uses un correo real a donde pueda escribirte previa aprobaci\u00f3n, si no dejas un correo real y no puedo contactarte, el comentario ser\u00e1 borrado o  aprobado a mi discreci\u00f3n y si me encuentro de buen humor, tal vez mutilado en la parte que no cuadra con el tema, por ejemplo que tenga tiempo y humor lo editare para hacerlo cuadrar con el contexto del tema, la mayor\u00eda simplemente lo borro.<\/p>\n<p>Por ejemplo linda, pones un correo de Hotmail, pero nunca has respondido mis emails, entonces no puedo decirte donde debe ir tu comentario y como no puedo contactarte, simplemente lo borro<\/p>\n<p>4 En la cueva no se puede difamar y mucho menos ofensivos especialmente contra mujeres, la mayor\u00eda de los mensajes que borro o edito llevan contenido lesivo  contra alguna mujer, esos que escriben as\u00ed, escriban con mas educaci\u00f3n que no parezca que son alba\u00f1iles que acaban de tomar una caguama, algunos preguntan por que en divas si y en la cueva no, caray en la pregunta esta la respuesta, debe ser porque divasdelared es un sitio completamente diferente a la cueva del drag\u00f3n, esa pregunto incluso se me hace necia<\/p>\n<p>6 Exceso de la malas palabras o altisonantes, est\u00e1 bien mentar una que otra madre, pero de ah\u00ed a tener un comentario con 50 mentadas y 5 palabras de informaci\u00f3n, obvio no.<\/p>\n<p>7 No escribas un p\u00e1rrafo en contexto y otro fuera de contexto para meter un tema que no viene al caso, si esto ocurre y estoy de buen humor, mutilare o editare la parte que no corresponde para aprobarlo, si no, simplemente lo borrare.<\/p>\n<p>En resumen de esos 5 p\u00e1rrafos son los criterios que uso para los comentarios.<\/p>\n","protected":false},"excerpt":{"rendered":"<p>A diario recibo como 30 comentarios, de esos 30 a veces ni 10 ven la luz del \u201cd\u00eda digital\u201d la mayor\u00eda de las veces por que ponen comentarios con temas fuera del contexto del articulo, me gusta que la informaci\u00f3n de blog este organizada, no hace falta traer comentarios de art\u00edculos pasados a los art\u00edculos&#8230;<\/p>\n","protected":false},"author":1,"featured_media":0,"parent":483,"menu_order":0,"comment_status":"open","ping_status":"open","template":"","meta":{"footnotes":""},"class_list":["post-484","page","type-page","status-publish","hentry"],"_links":{"self":[{"href":"https:\/\/www.lastdragon.net\/index.php?rest_route=\/wp\/v2\/pages\/484","targetHints":{"allow":["GET"]}}],"collection":[{"href":"https:\/\/www.lastdragon.net\/index.php?rest_route=\/wp\/v2\/pages"}],"about":[{"href":"https:\/\/www.lastdragon.net\/index.php?rest_route=\/wp\/v2\/types\/page"}],"author":[{"embeddable":true,"href":"https:\/\/www.lastdragon.net\/index.php?rest_route=\/wp\/v2\/users\/1"}],"replies":[{"embeddable":true,"href":"https:\/\/www.lastdragon.net\/index.php?rest_route=%2Fwp%2Fv2%2Fcomments&post=484"}],"version-history":[{"count":0,"href":"https:\/\/www.lastdragon.net\/index.php?rest_route=\/wp\/v2\/pages\/484\/revisions"}],"up":[{"embeddable":true,"href":"https:\/\/www.lastdragon.net\/index.php?rest_route=\/wp\/v2\/pages\/483"}],"wp:attachment":[{"href":"https:\/\/www.lastdragon.net\/index.php?rest_route=%2Fwp%2Fv2%2Fmedia&parent=484"}],"curies":[{"name":"wp","href":"https:\/\/api.w.org\/{rel}","templated":true}]}}